 Suppose -5*h = -u - 42. Calculate the greatest common divisor of w and h.
2
Suppose 37*w - 42*w = -345. Suppose 2*x = 23 + 23. What is the highest common factor of w and x?
23
Suppose 4*v - 5*d + 6 = -8*d, 4*v + 4*d + 8 = 0. Suppose 5*k - k + 5*y - 252 = 0, 3*y = v. Suppose 35 = 2*z + 17. What is the greatest common factor of z and k?
9
Let f be 3/(-3)*-18 + -3. Let v be 2/3 - (-1310)/f. Calculate the highest common factor of v and 8.
8
Suppose 3*a + b = 189, b - 6 + 329 = 5*a. Calculate the greatest common divisor of a and 8.
8
Suppose 2*g = 4*f - 0*f - 146, -93 = -3*f - 4*g. Let c be 15/(-1)*(-4)/12. Calculate the highest common factor of f and c.
5
Suppose 7 = v - 2*b, 5*b = 5*v - 35 + 10. Let l = v + -6. Let d = l + 5. What is the highest common factor of 18 and d?
2
Suppose 0 = -z - 2*z - 4*p - 1, 0 = -4*z + 5*p + 40. Suppose -8 = -z*a + 4*a. What is the greatest common factor of a and 88?
8
Let c = -58 + 68. What is the greatest common factor of c and 15?
5
Let i(b) = -b - 4. Let n be i(-6). Suppose -n*j + 23 = -1. Let z = 99 - 39. Calculate the greatest common factor of j and z.
12
Suppose 0*d = -4*d - 5*g + 69, 5 = 5*g. What is the highest common divisor of 32 and d?
16
Suppose -621 = 5*b - 3021. Suppose -4*j - 4*w = -624, 4*j - b = 2*w + 132. Suppose -511 = -3*r - j. Calculate the greatest common factor of r and 17.
17
Let s = 10 + -6. Suppose 2*d + 3*d = 0. Suppose -5*r = -3*y + 2*y + 35, -5*r - 15 = d. Calculate the highest common factor of s and y.
4
Let q = -60 + 80. Calculate the greatest common factor of 50 and q.
10
Let m = -19 - -27. Let t = m - -4. Let b be t*1 + -1 + 2. What is the greatest common factor of 39 and b?
13
Let o(a) = -111*a**3. Let d be o(-1). Suppose 19 + d = 5*m. Calculate the highest common divisor of m and 65.
13
Suppose 0*s = -2*s. Suppose -o = -s*o - 5*p - 17, -4*p - 16 = -2*o. Calculate the greatest common factor of o and 18.
2
Suppose 2*j + 4*n - 56 = 0, 2*n - 8 = -0*n. Calculate the greatest common divisor of j and 30.
10
Let t = 10 - 8. Suppose -4*j + 3*f = -324, -4*f = 3*j + t*j - 405. What is the greatest common factor of 27 and j?
27
Suppose -4 = s - 2*s. Let w be (40*2)/4 + s. Let h = 40 - 28. What is the greatest common factor of h and w?
12
Let r be (160/12)/(2*5/60). Suppose 0*x + 60 = 3*x. Calculate the highest common divisor of x and r.
20
Suppose g + 3*q - 10 = q, -58 = -5*g - 2*q. Suppose 0 = 4*h - 0 - 8. Let f be 132 + h + -2*1. Calculate the greatest common factor of g and f.
12
Let w = 69 + -43. Calculate the highest common divisor of 52 and w.
26
Let n be 3 + 1 + 216/9. Calculate the greatest common factor of n and 28.
28
Let j = 71 + 94. Calculate the greatest common factor of j and 33.
33
Suppose 4*g - 14 = 2*k, -2*k + 5*g = -5*k + 1. Let j be (2 + (-28)/6)*k. Calculate the greatest common divisor of j and 2.
2
Let l be 225/27 + 2/(-6). Suppose 20 = -4*o, -l*g + 196 = -4*g - 4*o. What is the highest common divisor of g and 11?
11
Let q be 2/13 + (-3)/((-117)/7482). What is the greatest common factor of q and 24?
24
Suppose -2*f - 5*s = -4*s - 7, -3*s = 3*f - 6. Let v = f - 3. What is the highest common factor of 14 and v?
2
Let h = 6 - 2. Let z be 24 + -23 + 2/2. Calculate the greatest common divisor of h and z.
2
Let y = 53 - 37. Let m = -8 + y. Calculate the highest common divisor of m and 4.
4
Suppose 0 = 2*j - 7 - 11. Let l = j + 5. Calculate the highest common divisor of l and 7.
7
Let l(h) = h**3 + 8*h**2 - 10*h - 8. Let o be l(-8). Calculate the highest common factor of o and 24.
24
Let p(l) = -l - 10. Let a be p(-6). Let h = a - -6. Let y be (-1)/((h + -1)/(-1)). Calculate the highest common divisor of y and 11.
1
Let y(r) = 3*r**2 - 8*r + 20. Let m be y(6). Let d = 5 - -5. Calculate the highest common divisor of d and m.
10
Suppose -3*h = h. Suppose -25 = -r - h*r. Let x be 1/6 - 236/(-24). Calculate the highest common factor of x and r.
5
Suppose 25 = 4*f + 9. Calculate the greatest common divisor of 1 and f.
1
Let i(k) = 9*k**3 - k + 1. Let n be i(1). Suppose -106 = -2*m - z, 3*z = -m - n + 67. Calculate the greatest common divisor of 13 and m.
13
Suppose 33 = -h + 3*j, 37 = -4*h - 4*j - 47. Let s = -6 - h. Suppose 0 = -t + 2*v - 5*v + 6, 3*t - 3*v = s. Calculate the greatest common factor of t and 18.
6
Suppose p = -4*p. Suppose -2*d - 3*d = p. Suppose -330 = -d*x - 5*x. What is the highest common factor of 6 and x?
6
Let z be (-2)/(-10) - (-72)/15. Calculate the greatest common divisor of z and 5.
5
Suppose -15 = 5*j, 4*n - j + 11 = 42. Suppose 2*o - n*o + 35 = 5*c, -2*o - 3*c = -15. Calculate the highest common divisor of 54 and o.
6
Suppose -v - 4*b + 10 = 0, 3*v = -0*b + 3*b + 75. Calculate the highest common divisor of v and 66.
22
Let u(t) = t**2 + 9*t + 10. Let m be u(-9). Let z = m + -8. Calculate the highest common factor of 22 and z.
2
Let d be (-60)/(-6) + 0 + 0. What is the greatest common divisor of d and 2?
2
Let x be -10 + 2 + (0 - 1). Let k be (-132)/x + 2/6. Calculate the greatest common divisor of k and 75.
15
Suppose -3*r + 4 = -5. Let c be (27/r)/((-3)/(-15)). Suppose 3*u + o = c, 0*o = -2*o - 6. What is the highest common divisor of u and 40?
8
Let o be 4/18 - (-79)/9. Let i(n) be the first derivative of -n**4/4 - 3*n**3 + n**2/2 - 9*n - 5. Let h be i(-10). What is the highest common factor of h and o?
9
Suppose -2*m = 5*d - 47, -4*d + 5*d + 4*m = -5. Suppose -9 = b - 4*z, -5*z = -5*b + 17 + 13. What is the greatest common factor of b and d?
11
Let r = -15 - -7. Let m(b) = b**2 + 7*b - 1. Let z be m(r). What is the highest common divisor of 63 and z?
7
Let j(m) = 6*m + 3. Let l be j(4). What is the highest common factor of 18 and l?
9
Suppose -2*z - 8 = -4*a, -2*z + a + 24 = 5*a. Let y(h) = h**3 + 7*h**2 + 3*h + 2. Let u be y(-6). What is the highest common divisor of z and u?
4
Let g be (2/(-3))/2*9. Let x be (-12)/((-4 - g)*2). Suppose -5*j = -j - 4. What is the greatest common factor of j and x?
1
Let d(t) = t - 10. Let f be d(11). Let n be 4 + -7 - (-2 + 1). Let l = n - -3. What is the greatest common divisor of f and l?
1
Let j(l) = -l**3 - 6*l**2 - 8*l - 5. Let c be (-2)/(1/(5/2)). Let g be j(c). Suppose 5*t + 0 = g. What is the greatest common divisor of 8 and t?
2
Let h(q) = -1 - 5*q - 4 + 1 - 3 + 2*q**2. Let p be h(6). Calculate the highest common divisor of p and 7.
7
Let w = 1 - -1. Suppose -w*i = -0*i - 18. Suppose 0 = 4*j - i*j + 80. What is the highest common divisor of j and 4?
4
Suppose 5*h + d = 145, 5*h - 80 = 3*h + 4*d. What is the greatest common divisor of 210 and h?
30
Let c = -71 - -170. Calculate the greatest common factor of 9 and c.
9
Let y(p) = p - 10. Let v be y(11). What is the greatest common factor of v and 11?
1
Let i(g) be the third derivative of 7*g**6/120 - g**5/60 + g**4/12 - g**3/6 + 5*g**2. Let l be i(1). What is the highest common factor of l and 21?
7
Let p(t) = 3*t + 12. Let o be p(6). What is the greatest common factor of 120 and o?
30
Suppose 2*y + 30 = 4*n, n + 2*y + 35 = 6*n. What is the greatest common factor of n and 35?
5
Suppose 0 = -3*n + 7*n - 48. Suppose -w - 12 = -5*w. Suppose 4*f - 3*r = 351, 0 = -6*f + w*f + 4*r + 272. What is the highest common factor of n and f?
12
Let u(o) = -o**3 + 5*o**2 + 6*o + 2. Let j be u(6). Suppose w + 2*a - 172 = 0, -j*w - a + 346 = 2*a. Calculate the highest common divisor of 16 and w.
16
Let g = -183 + 274. What is the highest common factor of g and 13?
13
Let h be 16*1*(-42)/(-8). Calculate the highest common factor of h and 42.
42
Suppose 20 = 4*r - 4. Let n(m) = 11*m - 5*m + 2*m - 6. Let f be n(r). What is the greatest common factor of f and 28?
14
Suppose -5*l + 2*n = -4*l - 12, 3*l - 3 = -5*n. What is the greatest common factor of l and 6?
6
Let p = -35 - -44. Let g = 570 + -390. Suppose -g = -2*j - 2*j. Calculate the highest common divisor of j and p.
9
Let p be (2 - 2 - -2)/(-2). Let y be (4/8)/(p/(-2)). Let f be (138/(-3))/(-2) - y. What is the greatest common divisor of f and 11?
11
Suppose -24 = -5*s + 4*k + 6, -s - 2*k = 8. Calculate the highest common divisor of 1 and s.
1
Suppose 0 = -2*f + 6*f + 2*h - 36, -2*f + 2*h + 18 = 0. What is the highest common divisor of f and 117?
9
Suppose 0 = 2*s - 5 - 5. Suppose 152 = s*z + 4*i, -2*i - i + 58 = 2*z. Ca